e f(-6). What is the units digit of 4/(-8) - i/(-2)?
5
Suppose -16*l = -2364 + 348. What is the hundreds digit of l?
1
Let h = -18 + 103. What is the tens digit of h?
8
Let g(b) = -9*b + 3. Let i be g(2). Let c = -10 - i. Suppose -7 = -c*u + 33. What is the units digit of u?
8
Let s(m) = -m + 8. Let v be s(5). Suppose -i = v*i - 8. What is the units digit of i?
2
Let g(b) = 6*b + 11. Let c be g(10). Suppose -2*p - 3*h = 39, 4*p + 1 = -4*h - c. Let x = p + 28. What is the units digit of x?
3
What is the units digit of (63/(-105))/(-1 + (-4)/(-5))?
3
Let j(s) = -s**2 - 4*s + 8. Let p be j(-6). What is the units digit of (-9)/p + (-4)/16?
2
Let r(o) = 5*o**3 + 6*o**2 + 5*o + 4. Let y(d) = 9*d**3 + 12*d**2 + 9*d + 7. Let j(s) = -11*r(s) + 6*y(s). What is the units digit of j(4)?
6
What is the tens digit of 27/2 + (-3)/(-6)?
1
What is the tens digit of (-2)/18 - 16968/(-108)?
5
Let i(h) = -3*h**3 - 4*h**2 - 3*h - 4. What is the units digit of i(-3)?
0
Suppose -3*y + 1059 = 5*s, -2*y = -6*y - 8. What is the units digit of s?
3
Suppose 2*n = 6 + 4. Let r = 8 - 5. Let z = n - r. What is the units digit of z?
2
Let h be (-4 - -5)*(1 + -2). Let k = h - 15. Let y = -7 - k. What is the units digit of y?
9
Suppose 3*x - 44 + 17 = 0. Let g = x - 6. What is the units digit of g?
3
What is the tens digit of ((1 + 1)*-46)/(-1) - -3?
9
Suppose -2*f - 2*c + 318 = 64, 5*f + c = 643. What is the hundreds digit of f?
1
Suppose -4*r + 6 = -6. Suppose 0 = 2*m - 3*z - 19, r*m - 5*m - 2*z = -4. What is the units digit of m?
5
Let z = -8 + 8. Suppose z = -5*r + 2*r + 42. What is the units digit of r?
4
Suppose -l + 0*l = 2*y - 19, -3*y - 24 = -2*l. Suppose 4*n + 5*j - l = 16, 3*n = -4*j + 22. What is the tens digit of n?
1
Let w(i) = i - 12. What is the units digit of w(13)?
1
Let g(x) = -x**3 + 0*x**2 - 3*x**2 - 3*x + 4 + 0*x**2. What is the units digit of g(-3)?
3
Suppose -11 = o - 49. Suppose -4*u + 22 = -o. Suppose -u - 23 = -2*l. What is the tens digit of l?
1
What is the tens digit of ((-8)/5)/(2/(-25))?
2
Let z(g) be the third derivative of g**4/8 - g**3/3 + 3*g**2. What is the units digit of z(3)?
7
Suppose 0 = -8*b + 6*b + 52. Suppose 2*u - b = -0*u. What is the units digit of u?
3
Suppose 5*x = q - 40, 0 = 3*q + x - 5 - 51. What is the units digit of q?
0
Let g be (138/4)/(6/(-8)). Let f = g - -78. What is the tens digit of f?
3
Let x = 246 - 141. What is the hundreds digit of x?
1
Suppose 8*l = -6*l + 546. What is the units digit of l?
9
Let p = -10 - -11. Let h = 7 + -4. Suppose 0 = -3*r - 3*x + h, r - 4*x - p = x. What is the units digit of r?
1
Suppose 3*h = -6*y + 2*y + 175, -2*h - 2*y + 116 = 0. What is the tens digit of h?
5
Let p = -17 - -19. What is the units digit of (9/(-4))/(p/(-8))?
9
Suppose 4*k - 39 = 3*a, 3*k + 5*a + 4 + 3 = 0. Let m(x) = -4*x + 24. Let g be m(7). Let d = g + k. What is the units digit of d?
2
Suppose -l - 3 = -4*f, 2*f = 4*l - 10 - 6. Let b be ((-4)/(-6))/(1/3). Suppose 0 = 2*j - 3*j - b*k - 5, l*k + 18 = 3*j. What is the units digit of j?
1
Suppose 2*h - 15 = 3*l, -5*h + 3*l + 27 = -h. Let x be ((-35)/(-3))/(2/h). Let b = x + -25. What is the tens digit of b?
1
Suppose 2*c = -8*l + 6*l + 414, -4*l - 20 = 0. What is the hundreds digit of c?
2
Let a(p) = -p**3 - 6*p**2 - p + 4. What is the tens digit of a(-7)?
6
Suppose 2*c = -g - 16, -4*c - 3*g - 2*g - 32 = 0. What is the tens digit of 245/20 + (-6)/c?
1
What is the tens digit of (0 + (-42)/(-12))*10?
3
Let t = -5 - -8. Suppose -j - 3 = -4*j, 2*j - 71 = -t*x. What is the units digit of x?
3
Let q = 71 + -37. What is the units digit of q?
4
Let d be 2 + 0 + 3 + 0. Suppose -4*n + 2*x + 8 = 0, -3*n = 2*x - 1 - d. What is the units digit of 0 - -2 - (0 - n)?
4
Let f(p) = -4*p**2 + 3*p - 2. Let a(j) = 7*j**2 - 6*j + 3. Let c(y) = 3*a(y) + 5*f(y). What is the units digit of c(5)?
9
Suppose -3*c = f - 86 + 31, -301 = -5*f - 2*c. What is the tens digit of f?
6
Let a be (1 - 1)/(8/(-4)). Suppose -j - 3 - 1 = a, -3*z + 5*j = -20. Suppose z = -3*w + 4*n + 12, -n + 4 = -2*w + 3*w. What is the units digit of w?
4
Suppose -3*c - 40 = -8*c. Suppose c*i = 4*i + 84. What is the tens digit of i?
2
Let x = 175 + 134. What is the hundreds digit of x?
3
Let r(t) = t**3 + 10*t**2 - 6. What is the units digit of r(-4)?
0
Let q be 0/((-3)/(9/(-6))). Suppose q = -4*r - 0*r. Suppose r = 2*n + n, 4*h = -4*n + 64. What is the units digit of h?
6
Suppose 2*z - 6 = 14. Suppose -2*r + 4*r = z. What is the units digit of r?
5
Let w(x) = -x**3 + 6*x**2 - x + 1. Let g be w(3). Let i = 39 - g. What is the tens digit of i?
1
Let r(h) = -7*h**2 + 6*h + 3. Let q(j) = 20*j**2 - 19*j - 9. Let b(v) = -6*q(v) - 17*r(v). What is the units digit of b(10)?
3
Let q(y) = y**2 + 4*y - 7. Let l be q(-6). Suppose l*m - 13 = -3. Suppose 5*v - 46 = -m*t, 4*v - 4*t + 2*t - 44 = 0. What is the tens digit of v?
1
Let w = -8 + 50. What is the tens digit of w?
4
Suppose 2*j = -2*j. Suppose -s + 2 + 5 = j. Let m(n) = -n + 14. What is the units digit of m(s)?
7
Suppose 3*s - 5 = -2*l, -2*l + 3*l - s - 10 = 0. Suppose 0 = 3*b - h - 16 - 9, -h = -b + l. Suppose 4*k - b = 15. What is the units digit of k?
6
Let o = 81 + -51. What is the units digit of o?
0
Let x be 1*(0 + -1)*-1. Let o be (0/x)/(-1) + 2. Suppose -o*g - 9 = -31. What is the tens digit of g?
1
Suppose -4*t = t + 25, 4*k + 4*t - 12 = 0. What is the units digit of k?
8
What is the units digit of (-1 - 7/2)*(-20)/6?
5
Suppose p + x + 0*x - 33 = 0, -4*p = -3*x - 111. Suppose -2*a - p + 78 = 0. What is the units digit of a?
4
Let b = -2 - -6. Suppose 0 = 3*v + b*z - 54, 62 + 20 = 5*v + 4*z. What is the units digit of v?
4
Suppose 3*p - 6*p = 9. What is the units digit of 1/(p/(6*-4))?
8
Let p = 55 + -11. What is the units digit of p?
4
Suppose -3*f - c = -9, -2*f - 5*c + 1 + 18 = 0. Suppose -h - f*h = -24. Let o = h + 0. What is the units digit of o?
8
Let g be 5/7 + 4/14. Suppose i = -4*d + 10, -i + 6*d = 5*d - 5. Let c = i + g. What is the units digit of c?
7
Let a(c) = 42*c - 3. Let o be 0 + 6/(-3)*-1. Let f be a(o). Suppose -5*q - 11 = -f. What is the units digit of q?
4
Let z(m) = m**2 + 5*m - 3. Let s be z(-6). Let y be ((-3)/s - -2) + 1. Let d = y + -1. What is the units digit of d?
1
Suppose 0 = -2*j + 3*i - 4, -4*i + 8 + 4 = 4*j. Suppose -2*l - 2*p = -p + j, -l - 5 = 2*p. What is the units digit of l*4/2 - 0?
2
Let d = -22 - -31. Suppose 4*w = -w + 4*c + d, -3*c = -w - 7. What is the units digit of w?
5
Suppose 11 - 27 = -2*g - 3*y, 0 = -4*g + 4*y + 12. What is the units digit of g?
5
Let u = -110 - -14. Let v = -65 - u. What is the units digit of v?
1
Suppose -3*q + 6*q - 34 = -5*j, q - 4*j + 17 = 0. Let k be -2 + 2/((-2)/(-5)). Suppose -k*i - 6 = -3, 8 = q*m - 2*i. What is the units digit of m?
2
Let m = 1 - -20. What is the tens digit of m?
2
Suppose 0 = -9*c + 4*c + 10. Suppose -c - 10 = -3*h. What is the units digit of h?
4
Let i(t) = 2 - t**3 + 11*t**2 + 3 - 16*t**2 - 2*t. What is the units digit of i(-5)?
5
Let j(u) = -12*u - 1 + 1. Let w(c) = -c**3 + 7*c**2 + 8*c - 1. Let a be w(8). What is the tens digit of j(a)?
1
Suppose 0 = -5*n + 10, 0 = 6*d - d + 5*n - 920. What is the units digit of d?
2
Suppose 4*h + 5*c + 0*c = 1011, -h + 5*c = -259. What is the hundreds digit of h?
2
Let d = 7 + -10. Let x(m) = -2*m**3 - 3*m**2 + m. Let z be x(d). Suppose z = -0*q + 2*q. What is the tens digit of q?
1
Suppose 2*a = k - 2, -3*k - 2*k = -5*a. What is the units digit of ((a - -1) + 2)*1?
1
Suppose -3*t + t + 42 = 4*x, 5*x + 3*t = 54. Let h = x - 2. What is the units digit of h?
7
Suppose 2*h + 4*o = 4*h + 30, 5*h - 2*o + 59 = 0. Let g = -8 - h. What is the units digit of g?
3
Let p(l) = 7*l**3 - 2*l**2 - 5*l - 3. What is the hundreds digit of p(3)?
1
Let c be 2 + 1 - 0 - -2. Let y(l) be the first derivative of l**2 - 5*l - 4. What is the units digit of y(c)?
5
Suppose 3*v + 4*g = 68, 3*g + 24 = 5*v - 70. What is the tens digit of v?
2
Let u(j) = 93*j**2 - 6*j - 6. What is the tens digit of u(-1)?
9
Suppose -s + 5*s = 256. What is the units digit of s?
4
Let y = 12 - 24. Let c be (-45)/y - (-2)/8. What is the units digit of (3 - c) + (-1 - -3)?
1
Suppose 15 + 1 = 4*r - 4*s, -r + 4*s + 10 = 0. What is the units digit of r?
2
Let k = -8 + 65. What is the units digit of